units digit of (f/8)/(2/32)?
8
Let j(u) = 6*u + 10. Let i be (1 - (-4 + -3)) + -1. What is the tens digit of j(i)?
5
Let g(h) be the first derivative of h**4/12 + h**2 - 5. Let s(k) be the second derivative of g(k). What is the units digit of s(8)?
6
Suppose 10*n - 4608 = -1168. Suppose 0 = 5*q + 4*i + 28 - 461, -4*q = 4*i - n. What is the units digit of q?
9
Let p(x) = -3*x - 16. Let h(o) = -o**2 + 6*o. Let k be h(5). Let c(w) = -w - 6. Let s be c(k). What is the tens digit of p(s)?
1
Suppose 5*f - 16 = -c + 3*f, f - 35 = -2*c. What is the tens digit of (c/(-8))/3 - 9775/(-68)?
4
Let q = -13 - -18. Suppose 3*v - 4*z - 142 = 93, 2*v + q*z = 195. Suppose -n + v = 4*n. What is the units digit of n?
7
Suppose -5*o + 3*q + 386 = -664, -2*q = -5*o + 1055. What is the hundreds digit of o?
2
Let g(u) = -u**3 + 15*u**2 + 3*u + 15. What is the units digit of g(12)?
3
Let p(z) be the first derivative of -z**4/4 - 8*z**3/3 - 5*z**2 - 14*z + 20. What is the tens digit of p(-8)?
6
Suppose -9*b + 7346 = 1595. What is the units digit of b?
9
Let a = -12 - -12. Suppose a = -x - x. What is the units digit of 1*(-93)/(x + -3)?
1
Let i(o) = 4*o + 10. Let v be i(-3). What is the units digit of v/4 - 440/(-16)?
7
Let r be (0 - 0) + 8/(-1). Let x = 82 + r. Suppose 4*q = -3*p + 133, -x + 19 = -p - 4*q. What is the units digit of p?
9
What is the hundreds digit of (4791/12 - 4) + 1/(-4)?
3
Let b(p) = p**2 - 6*p + 1. Suppose 1 = -3*w + 13, -2*z - 32 = -4*w. Let q = 15 + z. What is the units digit of b(q)?
8
Let k(u) = -3 + 2*u**2 + 4 - 5*u + 17*u**3 + 77*u**3 + 2*u. What is the units digit of k(1)?
4
Let c(l) = 2*l**2 + l - 3. Let y be c(-3). Let s = y - 16. Let o(a) = -a**3 - 5*a**2 - 6*a - 3. What is the units digit of o(s)?
5
Let u(y) = 14*y + 8. Let w be u(6). Let s be (-1 - (-2 + -2))/(3/4). Suppose -v + 5*l = -3*v + w, -4*v + 172 = s*l. What is the tens digit of v?
4
Let u = 501 - 142. Suppose 9*d = 217 + u. What is the tens digit of d?
6
Let w(i) = -i**3 - 7*i**2 + 8*i + 3. Let b be w(-8). Suppose -b*t + 46 = -2*t. What is the tens digit of t?
4
Let b(h) = 16*h**2 - 27*h + 11. What is the hundreds digit of b(5)?
2
Suppose 0*k + 2*k - 5*d - 715 = 0, 4*k + 2*d = 1442. Suppose -3*v - v + k = 0. Suppose -27 = 3*c - v. What is the units digit of c?
1
Let k(m) be the third derivative of 0*m**3 + 0*m + 0 + 3*m**2 + 1/30*m**5 + 1/4*m**4. What is the units digit of k(-4)?
8
Suppose o - 427 = -4*i + 674, 0 = 2*o + 4*i - 2182. What is the hundreds digit of o?
0
Let z(i) = 371*i**2 + 5*i + 5. What is the tens digit of z(-1)?
7
Suppose 4*w = 5*i + 140, 108 = w + 3*w + 3*i. Let s = w - -14. Suppose 3*d + s = 5*d. What is the units digit of d?
2
Suppose -14*d - 5089 = -13461. What is the units digit of d?
8
Suppose -12*t - 4 = -40. Suppose c - t*c = -66. What is the units digit of c?
3
What is the units digit of 138/(-207) + (-1756)/(-6)?
2
What is the units digit of (6/120*10)/(3/2820)?
0
Suppose -2*z = -5*o + 3985, 4*o + 4*z - 525 - 2691 = 0. What is the units digit of o?
9
Suppose 7*k - 3*k + 4*l = 0, 0 = -5*l - 20. Suppose -32*z + 33*z = -4*h + 961, 4*h + 3*z = 963. Suppose -4*f = k*f - h. What is the units digit of f?
0
What is the hundreds digit of 56432/56 + 2/7?
0
Suppose -3*m = -12, 7*y + 3*m = 11*y - 10832. What is the thousands digit of y?
2
Let r be 113 + 1 - (-1)/((-3)/(-3)). What is the units digit of (1 - 1) + 2 + (r - 1)?
6
Suppose 4*o = -2*c + 280 + 24, -3*c + 460 = 4*o. Suppose 0 = -4*f + 2*z + c + 128, 4*f - 4*z - 292 = 0. Suppose -39 = -4*u + f. What is the units digit of u?
7
Suppose -59*y + 63*y - 12 = 0. Suppose -y*f - 5*p + 181 = 0, p + 84 = 2*f - 3*p. What is the tens digit of f?
5
Let b be 3/9*(81 - 3). Suppose -l + b - 4 = f, 2*l - 24 = 2*f. What is the tens digit of l?
1
Suppose 3*b + l = 3*l + 1190, 2 = l. What is the hundreds digit of b?
3
Suppose 3*f + 15 = p + 2*p, 0 = p - 4*f - 20. Suppose p = -n + 45 + 20. What is the tens digit of n?
6
Suppose -3*k + 1929 = d - 2*k, 0 = k + 4. Suppose 10*c - d = -193. What is the hundreds digit of c?
1
Suppose 0 = -24*l + 38*l - 28378. What is the units digit of l?
7
Suppose 2*c = 0, 8*c - 10*c = 2*i. What is the tens digit of ((-180)/100)/(i - (-2)/(-130))?
1
Let n = 2040 + -1295. What is the hundreds digit of n?
7
Let g be 222/42 + 2/(-7). Suppose 0 = 4*n + 5*v - 132, -g*n - 8*v = -6*v - 165. What is the tens digit of n?
3
What is the units digit of (1 + 715 - (-2)/2)/3?
9
Let w = -2 - -8. Let j(m) = -m + 8. Let u be j(w). What is the tens digit of (4 + u)/(2/4)?
1
Let q = 360 + -156. Suppose 0 = -4*m + m - 3*g + 288, 0 = -2*m + g + q. Suppose -o + m = 4*o. What is the units digit of o?
0
Let x(n) be the third derivative of -n**4 + n**3/2 - 10*n**2. Let p be x(3). What is the units digit of (30/(-9))/5*p?
6
Suppose -y + 180 = -3*y. What is the hundreds digit of -73*(-14)/10 - (-18)/y?
1
Suppose 0 = -j, -g - 9*j + 10*j + 1261 = 0. What is the tens digit of g?
6
What is the units digit of (-2204)/10*(1 - 6)?
2
Let x(f) = 3*f - 30. Let i be x(12). Suppose 759 = -i*g + 9*g. What is the hundreds digit of g?
2
Suppose -2*j + 4*l + 3 = -9, -5*l = 2*j + 6. Suppose z - 89 = -4*i, -i + 162 = j*z + 3*i. What is the units digit of z?
3
Suppose 1527 + 10433 = 4*y - 4*u, 0 = -y + 3*u + 3000. What is the thousands digit of y?
2
Suppose 4*u - 4*o = 808 - 172, 5*o = -u + 177. Let s = u + -79. What is the units digit of s?
3
Let j be (-1)/(-5) - (-54)/30. Suppose -3*i + 8 = i, j*v - 4*i - 114 = 0. Let r = v - 30. What is the units digit of r?
1
Suppose 0 = -2*h - n + 1806, -5*h - n + 2435 = -2077. What is the hundreds digit of h?
9
Let j(w) = 63*w**2 - 4*w - 4. Let p be j(-5). Suppose -p = -12*v + 1121. What is the hundreds digit of v?
2
Let l = 18 - 21. What is the units digit of (l/3)/(-1)*13?
3
Let r be (1/(-2))/(3/(-48)). Suppose 6*k - r = 2*k. What is the units digit of 7 + -5 + k + 1?
5
Suppose -4*v + v - 5*d = -1309, 413 = v - 3*d. What is the tens digit of (2/((-2)/v*-4))/1?
0
Let b(l) = -20*l**2 - 3*l + 2. Let a(s) = -21*s**2 - 4*s + 2. Let y(u) = 6*a(u) - 7*b(u). Let n = -18 - -16. What is the units digit of y(n)?
0
Let m(w) = 21*w + 1. Let o be m(10). Suppose -o = 20*z - 21*z. What is the tens digit of z?
1
Suppose 17*x = -11*x + 15400. What is the tens digit of x?
5
Let o = 14 + -10. Suppose 191 = o*q - 5*h, 5*h - 20 = 5*q - 265. What is the units digit of q?
4
What is the hundreds digit of (723/4)/(6/32*2)?
4
Suppose 0*t = 2*a - 5*t - 56, 0 = 4*a - 2*t - 144. Suppose 0 = 4*j - 0*c + c - 191, -3*c = -j + 38. Suppose -j = -5*w + a. What is the tens digit of w?
1
Let h = 3 - -2. Suppose o - h*o = -44. Let f = -3 + o. What is the units digit of f?
8
Suppose 63*m - 21336 = 49*m. What is the units digit of m?
4
Let g be 16/(-12) - 32/(-6). Let k be (g - 1) + 455/(-5). Let o = -58 - k. What is the tens digit of o?
3
Let r(s) = -2*s**2 + 8*s + 1. Let l = -17 - -21. Let v be r(l). What is the units digit of v*22 + -4 + 5?
3
Suppose -3*n - 3*f = -69, -12 = -4*f + 7*f. Let j = n - -24. What is the units digit of j?
1
What is the units digit of 3 - 2 - (-1404)/2?
3
Suppose 23*n + 144 = 24*n. Let u(b) = -100*b. Let c be u(-1). Suppose 3*w - c = t, 4*w + 0*w - n = 4*t. What is the tens digit of w?
3
Let m = -86 + 70. What is the tens digit of m/72 + 980/36?
2
Suppose -17902 = -11*u - 302. What is the units digit of u?
0
Let k(p) = 2*p**3 + 3*p**2 + 6*p + 15. What is the tens digit of k(5)?
7
Let a = 42 + 159. Let z = a + -77. What is the tens digit of z?
2
Let u be 4*-1*(1 - -1). Suppose -7*c = -60 - 45. Let p = u + c. What is the units digit of p?
7
Suppose 4*t - 5*y = 4083, 37*t = 35*t + y + 2037. What is the units digit of t?
7
Let h(v) = 8*v**2 + 12*v + 17. Let n(f) = -15*f**2 - 23*f - 33. Let g(b) = -11*h(b) - 6*n(b). What is the units digit of g(-6)?
7
Suppose 2*c - r = -0*r - 9, 3*c = 5*r - 24. Let t be (-2)/c*(-9)/2. Let g(j) = j**3 + 5*j**2 - 2. What is the units digit of g(t)?
6
What is the hundreds digit of (21*(-36)/70)/((-6)/280)?
5
Suppose -116*v + 114*v = -f + 113, 3*f = 4*v + 345. What is the tens digit of f?
1
Let c = 74 - 59. Suppose -13*v + c*v - 264 = 0. What is the units digit of v?
2
Let a(t) = t + 12. Let u be a(-9). Suppose u = r - 4*r. Let i(o) = 51*o**2 - o - 1. What is the tens digit of i(r)?
